{"id":79,"date":"2020-03-21T06:36:02","date_gmt":"2020-03-21T06:36:02","guid":{"rendered":"http:\/\/www.kiimala.fi\/?page_id=79"},"modified":"2024-10-18T10:48:12","modified_gmt":"2024-10-18T07:48:12","slug":"saatavuus","status":"publish","type":"page","link":"https:\/\/www.kiimala.fi\/index.php\/saatavuus\/","title":{"rendered":"Saatavuus ja Tilaaminen"},"content":{"rendered":"\n<p><\/p>\n\n\n\n<p><strong>Olemme<\/strong> <strong>siirtyneet eneneviss\u00e4 m\u00e4\u00e4rin kokonaisten ruhojen myyntiin. Lihaa on edelleen tarjolla rajoitetusti ja tilauksesta suoraan tilalta.<\/strong><\/p>\n\n\n\n<p><\/p>\n\n\n\n<p>Lihatilaukset osoitteeseen <strong>arne@kiimala.fi<\/strong> tai 0440475320. <\/p>\n\n\n\n<p>Erityistoiveita otetaan vastaan. Lis\u00e4tietoa saa soittamalla.<\/p>\n\n\n\n<div style=\"height:20px\" aria-hidden=\"true\" class=\"wp-block-spacer\"><\/div>\n\n\n\n<p class=\"has-medium-font-size\"><strong>Saatavuus:<\/strong><\/p>\n\n\n\n<div style=\"height:28px\" aria-hidden=\"true\" class=\"wp-block-spacer\"><\/div>\n\n\n\n<div class=\"wp-block-columns has-2-columns is-layout-flex wp-container-core-columns-is-layout-1 wp-block-columns-is-layout-flex\">\n<div class=\"wp-block-column is-layout-flow wp-block-column-is-layout-flow\">\n<p><strong>Kokolihat<\/strong><\/p>\n<\/div>\n\n\n\n<div class=\"wp-block-column is-layout-flow wp-block-column-is-layout-flow\">\n<p>Kokolihaa on yleens\u00e4 saatavilla vain Vemo\u2019s l\u00e4hituotepuodeista<\/p>\n<\/div>\n<\/div>\n\n\n\n<div style=\"height:21px\" aria-hidden=\"true\" class=\"wp-block-spacer\"><\/div>\n\n\n\n<div style=\"height:20px\" aria-hidden=\"true\" class=\"wp-block-spacer\"><\/div>\n\n\n\n<div class=\"wp-block-columns has-2-columns is-layout-flex wp-container-core-columns-is-layout-2 wp-block-columns-is-layout-flex\">\n<div class=\"wp-block-column is-layout-flow wp-block-column-is-layout-flow\">\n<p><strong>Jauheliha<\/strong><\/p>\n<\/div>\n\n\n\n<div class=\"wp-block-column is-layout-flow wp-block-column-is-layout-flow\">\n<p>Jauhelihaa on p\u00e4\u00e4s\u00e4\u00e4nt\u00f6isesti saatavissa suoraan tilalta ja hyvin varustelluista Vemo\u2019s l\u00e4hituotepuodeista<\/p>\n<\/div>\n<\/div>\n\n\n\n<div style=\"height:20px\" aria-hidden=\"true\" class=\"wp-block-spacer\"><\/div>\n\n\n\n<p><\/p>\n","protected":false},"excerpt":{"rendered":"<p>Olemme siirtyneet eneneviss\u00e4 m\u00e4\u00e4rin kokonaisten ruhojen myyntiin. Lihaa on edelleen tarjolla rajoitetusti ja tilauksesta suoraan tilalta. Lihatilaukset osoitteeseen arne@kiimala.fi tai 0440475320. Erityistoiveita otetaan vastaan. Lis\u00e4tietoa saa soittamalla. Saatavuus: Kokolihat Kokolihaa on yleens\u00e4 saatavilla vain Vemo\u2019s l\u00e4hituotepuodeista Jauheliha Jauhelihaa on p\u00e4\u00e4s\u00e4\u00e4nt\u00f6isesti saatavissa suoraan tilalta ja hyvin varustelluista Vemo\u2019s l\u00e4hituotepuodeista<\/p>\n","protected":false},"author":1,"featured_media":0,"parent":0,"menu_order":5,"comment_status":"closed","ping_status":"closed","template":"","meta":{"neve_meta_sidebar":"","neve_meta_container":"","neve_meta_enable_content_width":"off","neve_meta_content_width":0,"neve_meta_title_alignment":"","neve_meta_author_avatar":"","neve_post_elements_order":"","neve_meta_disable_header":"","neve_meta_disable_footer":"","neve_meta_disable_title":"","footnotes":""},"class_list":["post-79","page","type-page","status-publish","hentry"],"_links":{"self":[{"href":"https:\/\/www.kiimala.fi\/index.php\/wp-json\/wp\/v2\/pages\/79"}],"collection":[{"href":"https:\/\/www.kiimala.fi\/index.php\/wp-json\/wp\/v2\/pages"}],"about":[{"href":"https:\/\/www.kiimala.fi\/index.php\/wp-json\/wp\/v2\/types\/page"}],"author":[{"embeddable":true,"href":"https:\/\/www.kiimala.fi\/index.php\/wp-json\/wp\/v2\/users\/1"}],"replies":[{"embeddable":true,"href":"https:\/\/www.kiimala.fi\/index.php\/wp-json\/wp\/v2\/comments?post=79"}],"version-history":[{"count":22,"href":"https:\/\/www.kiimala.fi\/index.php\/wp-json\/wp\/v2\/pages\/79\/revisions"}],"predecessor-version":[{"id":389,"href":"https:\/\/www.kiimala.fi\/index.php\/wp-json\/wp\/v2\/pages\/79\/revisions\/389"}],"wp:attachment":[{"href":"https:\/\/www.kiimala.fi\/index.php\/wp-json\/wp\/v2\/media?parent=79"}],"curies":[{"name":"wp","href":"https:\/\/api.w.org\/{rel}","templated":true}]}}