{"id":337,"date":"2021-07-21T04:35:00","date_gmt":"2021-07-21T04:35:00","guid":{"rendered":"http:\/\/www.kiimala.fi\/?page_id=337"},"modified":"2024-10-18T10:56:43","modified_gmt":"2024-10-18T07:56:43","slug":"vihannekset","status":"publish","type":"page","link":"https:\/\/www.kiimala.fi\/index.php\/vihannekset\/","title":{"rendered":"Vihannekset"},"content":{"rendered":"\n<p>Viimeinen villitys Kiimalan tilalla on Vihannesten viljely. Vuonna 2020 aloitimme viljelem\u00e4ll\u00e4 punajuurta ja pienen koealan japanilaista talvikurpitsaa. Vuonna 2021 viljelyksess\u00e4 oli edelleen n\u00e4it\u00e4 kahta sek\u00e4 kokeilussa muutamia muita kasveja. Vuoden 2021 aikana tilalle valmistui vihannesvarasto, jossa pystymme varastoimaan eri tuotteita eri l\u00e4mp\u00f6tiloissa. Juurekset viihtyv\u00e4t viile\u00e4ss\u00e4, alle kahden asteen l\u00e4mp\u00f6tilassa ja kurpitsat l\u00e4hemp\u00e4n\u00e4 huoneen l\u00e4mp\u00f6\u00e4. Samassa yhteydess\u00e4 tilalle tuli aurinkovoimala, joten ainakin kes\u00e4aikana suuri osa j\u00e4\u00e4hdytykseen tarvittavasta s\u00e4hk\u00f6st\u00e4 tuotetaan suoraan varaston katolla. Vuonna 2024 Viljelyss\u00e4 oli punajuuren ja muutaman eri kurpitsalajikkeen lis\u00e4ksi valkosipulia. Olemme edelleen jatkaneet varastotilojen remontointia ja kauppakunnostukseen panostusta. Kurpitsat pest\u00e4\u00e4n ja valkosipulit harjataan nyky\u00e4\u00e4n koneellisesti.<\/p>\n\n\n\n<div style=\"height:100px\" aria-hidden=\"true\" class=\"wp-block-spacer\"><\/div>\n\n\n\n<figure class=\"wp-block-gallery has-nested-images columns-default is-cropped wp-block-gallery-1 is-layout-flex wp-block-gallery-is-layout-flex\">\n<figure class=\"wp-block-image size-large\"><img loading=\"lazy\" decoding=\"async\" width=\"1024\" height=\"768\" data-id=\"374\" src=\"https:\/\/www.kiimala.fi\/wp-content\/uploads\/2024\/10\/IMG_3780-1024x768.jpeg\" alt=\"\" class=\"wp-image-374\" srcset=\"https:\/\/www.kiimala.fi\/wp-content\/uploads\/2024\/10\/IMG_3780-1024x768.jpeg 1024w, https:\/\/www.kiimala.fi\/wp-content\/uploads\/2024\/10\/IMG_3780-300x225.jpeg 300w, https:\/\/www.kiimala.fi\/wp-content\/uploads\/2024\/10\/IMG_3780-768x576.jpeg 768w, https:\/\/www.kiimala.fi\/wp-content\/uploads\/2024\/10\/IMG_3780-1536x1152.jpeg 1536w, https:\/\/www.kiimala.fi\/wp-content\/uploads\/2024\/10\/IMG_3780-2048x1536.jpeg 2048w\" sizes=\"(max-width: 1024px) 100vw, 1024px\" \/><\/figure>\n\n\n\n<figure class=\"wp-block-image size-large\"><img loading=\"lazy\" decoding=\"async\" width=\"768\" height=\"1024\" data-id=\"371\" src=\"https:\/\/www.kiimala.fi\/wp-content\/uploads\/2024\/10\/IMG_1065-768x1024.jpeg\" alt=\"\" class=\"wp-image-371\" srcset=\"https:\/\/www.kiimala.fi\/wp-content\/uploads\/2024\/10\/IMG_1065-768x1024.jpeg 768w, https:\/\/www.kiimala.fi\/wp-content\/uploads\/2024\/10\/IMG_1065-225x300.jpeg 225w, https:\/\/www.kiimala.fi\/wp-content\/uploads\/2024\/10\/IMG_1065-1152x1536.jpeg 1152w, https:\/\/www.kiimala.fi\/wp-content\/uploads\/2024\/10\/IMG_1065-1536x2048.jpeg 1536w, https:\/\/www.kiimala.fi\/wp-content\/uploads\/2024\/10\/IMG_1065-scaled.jpeg 1920w\" sizes=\"(max-width: 768px) 100vw, 768px\" \/><\/figure>\n\n\n\n<figure class=\"wp-block-image size-large\"><img loading=\"lazy\" decoding=\"async\" width=\"768\" height=\"1024\" data-id=\"373\" src=\"https:\/\/www.kiimala.fi\/wp-content\/uploads\/2024\/10\/IMG_1083-768x1024.jpeg\" alt=\"\" class=\"wp-image-373\" srcset=\"https:\/\/www.kiimala.fi\/wp-content\/uploads\/2024\/10\/IMG_1083-768x1024.jpeg 768w, https:\/\/www.kiimala.fi\/wp-content\/uploads\/2024\/10\/IMG_1083-225x300.jpeg 225w, https:\/\/www.kiimala.fi\/wp-content\/uploads\/2024\/10\/IMG_1083-1152x1536.jpeg 1152w, https:\/\/www.kiimala.fi\/wp-content\/uploads\/2024\/10\/IMG_1083-1536x2048.jpeg 1536w, https:\/\/www.kiimala.fi\/wp-content\/uploads\/2024\/10\/IMG_1083-scaled.jpeg 1920w\" sizes=\"(max-width: 768px) 100vw, 768px\" \/><\/figure>\n<\/figure>\n\n\n\n<div style=\"height:100px\" aria-hidden=\"true\" class=\"wp-block-spacer\"><\/div>\n","protected":false},"excerpt":{"rendered":"<p>Viimeinen villitys Kiimalan tilalla on Vihannesten viljely. Vuonna 2020 aloitimme viljelem\u00e4ll\u00e4 punajuurta ja pienen koealan japanilaista talvikurpitsaa. Vuonna 2021 viljelyksess\u00e4 oli edelleen n\u00e4it\u00e4 kahta sek\u00e4 kokeilussa muutamia muita kasveja. Vuoden 2021 aikana tilalle valmistui vihannesvarasto, jossa pystymme varastoimaan eri tuotteita eri l\u00e4mp\u00f6tiloissa. Juurekset viihtyv\u00e4t viile\u00e4ss\u00e4, alle kahden asteen l\u00e4mp\u00f6tilassa ja kurpitsat l\u00e4hemp\u00e4n\u00e4 huoneen l\u00e4mp\u00f6\u00e4. Samassa&hellip;&nbsp;<a href=\"https:\/\/www.kiimala.fi\/index.php\/vihannekset\/\" class=\"\" rel=\"bookmark\">Lue lis\u00e4\u00e4 &raquo;<span class=\"screen-reader-text\">Vihannekset<\/span><\/a><\/p>\n","protected":false},"author":1,"featured_media":0,"parent":0,"menu_order":0,"comment_status":"closed","ping_status":"closed","template":"","meta":{"neve_meta_sidebar":"full-width","neve_meta_container":"","neve_meta_enable_content_width":"on","neve_meta_content_width":100,"neve_meta_title_alignment":"","neve_meta_author_avatar":"","neve_post_elements_order":"","neve_meta_disable_header":"","neve_meta_disable_footer":"","neve_meta_disable_title":"","footnotes":""},"class_list":["post-337","page","type-page","status-publish","hentry"],"_links":{"self":[{"href":"https:\/\/www.kiimala.fi\/index.php\/wp-json\/wp\/v2\/pages\/337"}],"collection":[{"href":"https:\/\/www.kiimala.fi\/index.php\/wp-json\/wp\/v2\/pages"}],"about":[{"href":"https:\/\/www.kiimala.fi\/index.php\/wp-json\/wp\/v2\/types\/page"}],"author":[{"embeddable":true,"href":"https:\/\/www.kiimala.fi\/index.php\/wp-json\/wp\/v2\/users\/1"}],"replies":[{"embeddable":true,"href":"https:\/\/www.kiimala.fi\/index.php\/wp-json\/wp\/v2\/comments?post=337"}],"version-history":[{"count":7,"href":"https:\/\/www.kiimala.fi\/index.php\/wp-json\/wp\/v2\/pages\/337\/revisions"}],"predecessor-version":[{"id":391,"href":"https:\/\/www.kiimala.fi\/index.php\/wp-json\/wp\/v2\/pages\/337\/revisions\/391"}],"wp:attachment":[{"href":"https:\/\/www.kiimala.fi\/index.php\/wp-json\/wp\/v2\/media?parent=337"}],"curies":[{"name":"wp","href":"https:\/\/api.w.org\/{rel}","templated":true}]}}