{"id":16,"date":"2019-07-24T05:33:46","date_gmt":"2019-07-24T05:33:46","guid":{"rendered":"http:\/\/www.kiimala.fi\/?page_id=16"},"modified":"2021-07-21T06:01:16","modified_gmt":"2021-07-21T06:01:16","slug":"tila","status":"publish","type":"page","link":"https:\/\/www.kiimala.fi\/index.php\/tila\/","title":{"rendered":"Tila"},"content":{"rendered":"\n<p>Kiimalan tilan tarina alkoi meid\u00e4n suvun osalta vuonna 1911, kun isois\u00e4ni vanhemmat Valio ja Helmi Puttaa ostivat Kiimalan ja samoihin aikoihin kaksi muuta tilaa Inkuristen kyl\u00e4st\u00e4. Tilaa ovat viljelleet vuorollaan isovanhempani, vanhempani ja nyt min\u00e4. Runsaassa sadassa vuodessa tuotantosuuntia on ollut, tullut ja mennyt. Tilan peltoala oli pitk\u00e4\u00e4n l\u00e4hes alkuper\u00e4isell\u00e4 tasolla mutta vanhempieni aikana viljelty pinta-ala kolminkertaistui 112 hehtaariin. Tila on keskim\u00e4\u00e4r\u00e4ist\u00e4 suurempi, muttei suuri. <\/p>\n\n\n\n<p>T\u00e4n\u00e4\u00e4n Kiimalan tila on oman m\u00e4\u00e4ritelm\u00e4ni mukaan monialainen luomutila. Meill\u00e4 kasvatetaan luomuvihanneksia ja luomunautoja sek\u00e4 viljell\u00e4\u00e4n luomuviljaa. My\u00f6s mets\u00e4talous on t\u00e4rke\u00e4 osa tilan toimintaa. Tilalla ei n\u00e4in ollen ole p\u00e4\u00e4tuotantosuuntaa vaan toiminta makaa nelj\u00e4n, jotakuinkin yht\u00e4 t\u00e4rke\u00e4n tuotannonhaaran varassa. Tilan tuotteita myyd\u00e4\u00e4n suoraan tilalta ja toimitetaan v\u00e4hitt\u00e4iskauppaan sek\u00e4 teollisuuteen. <\/p>\n","protected":false},"excerpt":{"rendered":"<p>Kiimalan tilan tarina alkoi meid\u00e4n suvun osalta vuonna 1911, kun isois\u00e4ni vanhemmat Valio ja Helmi Puttaa ostivat Kiimalan ja samoihin aikoihin kaksi muuta tilaa Inkuristen kyl\u00e4st\u00e4. Tilaa ovat viljelleet vuorollaan isovanhempani, vanhempani ja nyt min\u00e4. Runsaassa sadassa vuodessa tuotantosuuntia on ollut, tullut ja mennyt. Tilan peltoala oli pitk\u00e4\u00e4n l\u00e4hes alkuper\u00e4isell\u00e4 tasolla mutta vanhempieni aikana viljelty&hellip;&nbsp;<a href=\"https:\/\/www.kiimala.fi\/index.php\/tila\/\" class=\"\" rel=\"bookmark\">Lue lis\u00e4\u00e4 &raquo;<span class=\"screen-reader-text\">Tila<\/span><\/a><\/p>\n","protected":false},"author":1,"featured_media":0,"parent":0,"menu_order":2,"comment_status":"closed","ping_status":"closed","template":"","meta":{"neve_meta_sidebar":"","neve_meta_container":"","neve_meta_enable_content_width":"off","neve_meta_content_width":0,"neve_meta_title_alignment":"","neve_meta_author_avatar":"","neve_post_elements_order":"","neve_meta_disable_header":"","neve_meta_disable_footer":"","neve_meta_disable_title":"","footnotes":""},"class_list":["post-16","page","type-page","status-publish","hentry"],"_links":{"self":[{"href":"https:\/\/www.kiimala.fi\/index.php\/wp-json\/wp\/v2\/pages\/16"}],"collection":[{"href":"https:\/\/www.kiimala.fi\/index.php\/wp-json\/wp\/v2\/pages"}],"about":[{"href":"https:\/\/www.kiimala.fi\/index.php\/wp-json\/wp\/v2\/types\/page"}],"author":[{"embeddable":true,"href":"https:\/\/www.kiimala.fi\/index.php\/wp-json\/wp\/v2\/users\/1"}],"replies":[{"embeddable":true,"href":"https:\/\/www.kiimala.fi\/index.php\/wp-json\/wp\/v2\/comments?post=16"}],"version-history":[{"count":4,"href":"https:\/\/www.kiimala.fi\/index.php\/wp-json\/wp\/v2\/pages\/16\/revisions"}],"predecessor-version":[{"id":334,"href":"https:\/\/www.kiimala.fi\/index.php\/wp-json\/wp\/v2\/pages\/16\/revisions\/334"}],"wp:attachment":[{"href":"https:\/\/www.kiimala.fi\/index.php\/wp-json\/wp\/v2\/media?parent=16"}],"curies":[{"name":"wp","href":"https:\/\/api.w.org\/{rel}","templated":true}]}}